{"id":8695,"date":"2025-04-21T18:40:06","date_gmt":"2025-04-21T16:40:06","guid":{"rendered":"https:\/\/cuadratic.es\/temporal\/e_sandravega\/?page_id=8695"},"modified":"2025-06-27T15:10:53","modified_gmt":"2025-06-27T13:10:53","slug":"salsa-en-linea","status":"publish","type":"page","link":"https:\/\/www.sandravega.es\/?page_id=8695","title":{"rendered":"Salsa en L\u00ednea"},"content":{"rendered":"<div class=\"wpb-content-wrapper\"><p>[vc_section][vc_row][vc_column]<div class=\"mkdf-section-title-holder   mkdf-st-reverse-order\" style=\"text-align: center\">\n\t<div class=\"mkdf-st-inner\">\n                                    <span class=\"mkdf-st-text\" >\n                Salsa en L\u00ednea                <\/span>\n                                \t<\/div>\n<\/div>[vc_empty_space height=\u00bb50px\u00bb][\/vc_column][\/vc_row][\/vc_section][vc_section][vc_row][vc_column]<div class=\"mkdf-tabs  mkdf-tabs-standard\">\n\t<ul class=\"mkdf-tabs-nav clearfix\">\n\t\t\t\t\t<li>\n\t\t\t\t\t\t\t\t\t<a href=\"#tab-informacion\">Informaci\u00f3n<\/a>\n\t\t\t\t\t\t\t<\/li>\n\t\t\t\t\t<li>\n\t\t\t\t\t\t\t\t\t<a href=\"#tab-precios\">Precios<\/a>\n\t\t\t\t\t\t\t<\/li>\n\t\t\t\t\t<li>\n\t\t\t\t\t\t\t\t\t<a href=\"#tab-horarios\">Horarios<\/a>\n\t\t\t\t\t\t\t<\/li>\n\t\t\t<\/ul>\n\t<div class=\"mkdf-tab-container\" id=\"tab-informacion-875\">[vc_column_text css=\u00bb\u00bb]<\/p>\n<div class=\"vc_row wpb_row vc_inner vc_row-fluid\">\n<div class=\"wpb_column vc_column_container vc_col-sm-6\">\n<div class=\"vc_column-inner\">\n<div class=\"wpb_wrapper\">\n<div class=\"wpb_video_widget wpb_content_element vc_clearfix vc_video-aspect-ratio-169 vc_video-el-width-100 vc_video-align-left\">\n<div class=\"wpb_wrapper\">\n<div class=\"wpb_video_wrapper\">\n<div class=\"fluidvids\"><iframe loading=\"lazy\" class=\"fluidvids-item\" title=\"Clase salsa en L\u00ednea intermedio\" src=\"https:\/\/www.youtube.com\/embed\/Xl4DpP2soUA?feature=oembed\" width=\"413\" height=\"310\" frameborder=\"0\" allowfullscreen=\"allowfullscreen\" data-fluidvids=\"loaded\" data-mce-fragment=\"1\"><\/iframe><\/div>\n<\/div>\n<\/div>\n<\/div>\n<\/div>\n<\/div>\n<\/div>\n<div class=\"wpb_column vc_column_container vc_col-sm-6\">\n<div class=\"vc_column-inner\">\n<div class=\"wpb_wrapper\">\n<div class=\"wpb_video_widget wpb_content_element vc_clearfix vc_video-aspect-ratio-169 vc_video-el-width-100 vc_video-align-left\">\n<div class=\"wpb_wrapper\">\n<div class=\"wpb_video_wrapper\">\n<div class=\"fluidvids\"><iframe loading=\"lazy\" class=\"fluidvids-item\" title=\"Clase de salsa en L\u00ednea Avanzado\" src=\"https:\/\/www.youtube.com\/embed\/18vn--byABk?feature=oembed\" width=\"413\" height=\"310\" frameborder=\"0\" allowfullscreen=\"allowfullscreen\" data-fluidvids=\"loaded\" data-mce-fragment=\"1\"><\/iframe><\/div>\n<\/div>\n<\/div>\n<\/div>\n<\/div>\n<\/div>\n<\/div>\n<\/div>\n<div class=\"vc_empty_space\"><\/div>\n<div class=\"wpb_text_column wpb_content_element\">\n<div class=\"wpb_wrapper\">\n<p>&nbsp;<\/p>\n<p>&nbsp;<\/p>\n<p>\u00a1Bienvenidos a nuestras clases de salsa en L\u00ednea en Legan\u00e9s! Si est\u00e1s buscando aprender a bailar salsa en L\u00ednea en un ambiente divertido y social, has llegado al lugar correcto.<\/p>\n<p>En nuestras clases de salsa en L\u00ednea en Legan\u00e9s, aprender\u00e1s los movimientos b\u00e1sicos y avanzados, la t\u00e9cnica adecuada, el ritmo y la musicalidad, y c\u00f3mo aplicar todo esto en la pista de baile. Nuestros profesores tienen a\u00f1os de experiencia en la ense\u00f1anza de la salsa y est\u00e1n dedicados a ayudarte a alcanzar tus objetivos de baile.<\/p>\n<p>En nuestra academia de baile, ofrecemos una amplia variedad de clases de salsa en L\u00ednea, desde clases de nivel principiante hasta clases avanzadas para aquellos que buscan perfeccionar sus habilidades de baile. Adem\u00e1s, nuestras clases son muy sociales y divertidas, lo que te permitir\u00e1 conocer a mucha gente nueva mientras aprendes a bailar salsa.<\/p>\n<h5><strong>BENEFICIOS\u00a0DE BAILAR SALSA:<\/strong><\/h5>\n<ol>\n<li>Aumenta la actividad f\u00edsica: Bailar salsa es una excelente forma de ejercicio cardiovascular, lo que significa que ayuda a mejorar la salud del coraz\u00f3n y a quemar calor\u00edas. Adem\u00e1s, al bailar salsa, est\u00e1s trabajando todos los m\u00fasculos del cuerpo, lo que contribuye a mejorar la fuerza y la resistencia f\u00edsica.<\/li>\n<li>Mejora la coordinaci\u00f3n y el equilibrio: La salsa es un baile que requiere mucha coordinaci\u00f3n y equilibrio, ya que implica mover los pies, el torso y los brazos en sincron\u00eda con el ritmo de la m\u00fasica. Por lo tanto, bailar salsa puede mejorar tu coordinaci\u00f3n y equilibrio, lo que a su vez puede mejorar tu rendimiento en otras actividades f\u00edsicas.<\/li>\n<li>Fortalece la confianza y la autoestima: Bailar salsa puede ser intimidante al principio, pero a medida que vas mejorando en los movimientos y te sientes m\u00e1s c\u00f3modo en la pista de baile, puedes fortalecer tu confianza y autoestima. Adem\u00e1s, el hecho de bailar con una pareja y aprender a liderar o seguir puede mejorar tu habilidad para comunicarte y relacionarte con los dem\u00e1s.<\/li>\n<li>Reduce el estr\u00e9s: Bailar salsa es una actividad divertida y social que puede ayudar a reducir el estr\u00e9s y la ansiedad. Al moverte al ritmo de la m\u00fasica, puedes liberar la tensi\u00f3n acumulada en tu cuerpo y olvidarte de tus preocupaciones por un rato.<\/li>\n<li>Estimula la creatividad: La salsa es un baile muy creativo que te permite improvisar y experimentar con diferentes movimientos y estilos. Bailar salsa puede estimular tu creatividad y ayudarte a desarrollar habilidades de pensamiento creativo que puedes aplicar en otras \u00e1reas de tu vida.<\/li>\n<\/ol>\n<p>No importa si eres un principiante absoluto o un bailar\u00edn avanzado, nuestras clases de salsa en Legan\u00e9s son para todos. \u00a1Cont\u00e1ctanos hoy para obtener m\u00e1s informaci\u00f3n sobre nuestras clases y horarios, y comienza a mejorar tus habilidades de baile hoy mismo! Con nuestras clases de salsa, estar\u00e1s listo para impresionar en cualquier pista de baile.<\/p>\n<\/div>\n<\/div>\n<p>[\/vc_column_text]<\/div><div class=\"mkdf-tab-container\" id=\"tab-precios-688\">[vc_column_text css=\u00bb\u00bb]<img loading=\"lazy\" decoding=\"async\" class=\"aligncenter size-full wp-image-9107\" src=\"https:\/\/www.sandravega.es\/wp-content\/uploads\/2025\/06\/todos-los-precios-adultos-scaled.jpg\" alt=\"\" width=\"632\" height=\"2560\" srcset=\"https:\/\/www.sandravega.es\/wp-content\/uploads\/2025\/06\/todos-los-precios-adultos-scaled.jpg 632w, https:\/\/www.sandravega.es\/wp-content\/uploads\/2025\/06\/todos-los-precios-adultos-74x300.jpg 74w, https:\/\/www.sandravega.es\/wp-content\/uploads\/2025\/06\/todos-los-precios-adultos-253x1024.jpg 253w, https:\/\/www.sandravega.es\/wp-content\/uploads\/2025\/06\/todos-los-precios-adultos-379x1536.jpg 379w\" sizes=\"auto, (max-width: 632px) 100vw, 632px\" \/>[\/vc_column_text]<\/div><div class=\"mkdf-tab-container\" id=\"tab-horarios-166\">[vc_column_text css=\u00bb\u00bb]<img loading=\"lazy\" decoding=\"async\" class=\"aligncenter wp-image-9104 size-full\" src=\"https:\/\/www.sandravega.es\/wp-content\/uploads\/2025\/06\/todos-los-horarios-adultos-scaled.jpg\" alt=\"\" width=\"631\" height=\"2560\" srcset=\"https:\/\/www.sandravega.es\/wp-content\/uploads\/2025\/06\/todos-los-horarios-adultos-scaled.jpg 631w, https:\/\/www.sandravega.es\/wp-content\/uploads\/2025\/06\/todos-los-horarios-adultos-74x300.jpg 74w, https:\/\/www.sandravega.es\/wp-content\/uploads\/2025\/06\/todos-los-horarios-adultos-768x3115.jpg 768w, https:\/\/www.sandravega.es\/wp-content\/uploads\/2025\/06\/todos-los-horarios-adultos-505x2048.jpg 505w\" sizes=\"auto, (max-width: 631px) 100vw, 631px\" \/>[\/vc_column_text]<\/div><\/div>[vc_empty_space height=\u00bb50px\u00bb]<a itemprop=\"url\" href=\"https:\/\/forms.gle\/HEJTNXCPsYjeWwRM6\" target=\"_blank\"  class=\"mkdf-btn mkdf-btn-medium mkdf-btn-solid\"  >\n    <span class=\"mkdf-btn-text\">MATRICULATE<\/span>\n\t<\/a>[\/vc_column][\/vc_row][\/vc_section]<\/p>\n<\/div>","protected":false},"excerpt":{"rendered":"<p>[vc_section][vc_row][vc_column][vc_empty_space height=\u00bb50px\u00bb][\/vc_column][\/vc_row][\/vc_section][vc_section][vc_row][vc_column][vc_empty_space height=\u00bb50px\u00bb][\/vc_column][\/vc_row][\/vc_section]<\/p>\n","protected":false},"author":1,"featured_media":0,"parent":0,"menu_order":0,"comment_status":"closed","ping_status":"closed","template":"","meta":{"footnotes":""},"class_list":["post-8695","page","type-page","status-publish","hentry"],"_links":{"self":[{"href":"https:\/\/www.sandravega.es\/index.php?rest_route=\/wp\/v2\/pages\/8695","targetHints":{"allow":["GET"]}}],"collection":[{"href":"https:\/\/www.sandravega.es\/index.php?rest_route=\/wp\/v2\/pages"}],"about":[{"href":"https:\/\/www.sandravega.es\/index.php?rest_route=\/wp\/v2\/types\/page"}],"author":[{"embeddable":true,"href":"https:\/\/www.sandravega.es\/index.php?rest_route=\/wp\/v2\/users\/1"}],"replies":[{"embeddable":true,"href":"https:\/\/www.sandravega.es\/index.php?rest_route=%2Fwp%2Fv2%2Fcomments&post=8695"}],"version-history":[{"count":6,"href":"https:\/\/www.sandravega.es\/index.php?rest_route=\/wp\/v2\/pages\/8695\/revisions"}],"predecessor-version":[{"id":9112,"href":"https:\/\/www.sandravega.es\/index.php?rest_route=\/wp\/v2\/pages\/8695\/revisions\/9112"}],"wp:attachment":[{"href":"https:\/\/www.sandravega.es\/index.php?rest_route=%2Fwp%2Fv2%2Fmedia&parent=8695"}],"curies":[{"name":"wp","href":"https:\/\/api.w.org\/{rel}","templated":true}]}}