{"id":8787,"date":"2025-04-22T18:17:26","date_gmt":"2025-04-22T16:17:26","guid":{"rendered":"https:\/\/cuadratic.es\/temporal\/e_sandravega\/?page_id=8787"},"modified":"2025-06-27T15:31:28","modified_gmt":"2025-06-27T13:31:28","slug":"flamenco-ninos","status":"publish","type":"page","link":"https:\/\/www.sandravega.es\/?page_id=8787","title":{"rendered":"Flamenco ni\u00f1os"},"content":{"rendered":"<div class=\"wpb-content-wrapper\"><p>[vc_section][vc_row][vc_column]<div class=\"mkdf-section-title-holder   mkdf-st-reverse-order\" style=\"text-align: center\">\n\t<div class=\"mkdf-st-inner\">\n                                    <span class=\"mkdf-st-text\" >\n                Flamenco                <\/span>\n                                \t<\/div>\n<\/div>[vc_empty_space height=\u00bb50px\u00bb][\/vc_column][\/vc_row][\/vc_section][vc_section][vc_row][vc_column]<div class=\"mkdf-tabs  mkdf-tabs-standard\">\n\t<ul class=\"mkdf-tabs-nav clearfix\">\n\t\t\t\t\t<li>\n\t\t\t\t\t\t\t\t\t<a href=\"#tab-informacion\">Informaci\u00f3n<\/a>\n\t\t\t\t\t\t\t<\/li>\n\t\t\t\t\t<li>\n\t\t\t\t\t\t\t\t\t<a href=\"#tab-precios\">Precios<\/a>\n\t\t\t\t\t\t\t<\/li>\n\t\t\t\t\t<li>\n\t\t\t\t\t\t\t\t\t<a href=\"#tab-horarios\">Horarios<\/a>\n\t\t\t\t\t\t\t<\/li>\n\t\t\t<\/ul>\n\t<div class=\"mkdf-tab-container\" id=\"tab-informacion-737\">[vc_column_text css=\u00bb\u00bb]<\/p>\n<div class=\"vc_row wpb_row vc_inner vc_row-fluid\">\n<div class=\"wpb_column vc_column_container vc_col-sm-6\">\n<div class=\"vc_column-inner\">\n<div class=\"wpb_wrapper\">\n<div class=\"wpb_video_widget wpb_content_element vc_clearfix vc_video-aspect-ratio-169 vc_video-el-width-100 vc_video-align-left\">\n<div class=\"wpb_wrapper\">\n<div class=\"wpb_video_wrapper\">\n<div class=\"fluidvids\"><iframe loading=\"lazy\" class=\"fluidvids-item\" title=\"flamenco infantil\" src=\"https:\/\/www.youtube.com\/embed\/OjLrB4SvS5w?feature=oembed\" width=\"500\" height=\"281\" frameborder=\"0\" allowfullscreen=\"allowfullscreen\" data-fluidvids=\"loaded\" data-mce-fragment=\"1\"><\/iframe><\/div>\n<\/div>\n<\/div>\n<\/div>\n<\/div>\n<\/div>\n<\/div>\n<div class=\"wpb_column vc_column_container vc_col-sm-6\">\n<div class=\"vc_column-inner\">\n<div class=\"wpb_wrapper\">\n<div class=\"wpb_video_widget wpb_content_element vc_clearfix vc_video-aspect-ratio-169 vc_video-el-width-100 vc_video-align-left\">\n<div class=\"wpb_wrapper\">\n<div class=\"wpb_video_wrapper\">\n<div class=\"fluidvids\"><iframe loading=\"lazy\" class=\"fluidvids-item\" title=\"Flamenco juvenil\" src=\"https:\/\/www.youtube.com\/embed\/ml_tKdAn8w4?feature=oembed\" width=\"500\" height=\"281\" frameborder=\"0\" allowfullscreen=\"allowfullscreen\" data-fluidvids=\"loaded\" data-mce-fragment=\"1\"><\/iframe><\/div>\n<\/div>\n<\/div>\n<\/div>\n<\/div>\n<\/div>\n<\/div>\n<\/div>\n<div class=\"vc_empty_space\"><\/div>\n<div class=\"wpb_text_column wpb_content_element\">\n<div class=\"wpb_wrapper\">\n<p>&nbsp;<\/p>\n<p>&nbsp;<\/p>\n<p>Ofrecemos clases de flamenco para ni\u00f1os y ni\u00f1as desde los 4 a\u00f1os hasta adolescentes. En nuestra academia, creemos que el flamenco es una forma incre\u00edble de arte que puede ser disfrutada por cualquier persona, independientemente de su edad o habilidad.<\/p>\n<p>Nuestras clases son impartidas por profesionales experimentados en el flamenco, quienes se aseguran de que nuestros estudiantes obtengan una educaci\u00f3n completa en este g\u00e9nero de baile. Desde los aspectos t\u00e9cnicos del flamenco, como los movimientos de los pies y las manos, hasta el conocimiento de la historia y la cultura del flamenco, nuestros estudiantes adquieren habilidades valiosas mientras disfrutan de una experiencia \u00fanica y emocionante.<\/p>\n<p>Nuestros profesores tambi\u00e9n se enfocan en crear un ambiente de aprendizaje seguro y acogedor para todos nuestros estudiantes. Animamos a nuestros j\u00f3venes estudiantes a desarrollar su creatividad y expresarse a trav\u00e9s del baile flamenco mientras se divierten y hacen amigos nuevos.<\/p>\n<h5><strong>BENEFICIOS DE BAILAR FLAMENCO:<\/strong><\/h5>\n<ol>\n<li>Desarrollo f\u00edsico: El flamenco es un baile que requiere mucho movimiento y ejercicio. Bailar flamenco ayuda a los ni\u00f1os a mejorar su coordinaci\u00f3n, equilibrio y fuerza muscular, lo que puede ser beneficioso para su salud f\u00edsica en general. Adem\u00e1s, el flamenco tambi\u00e9n ayuda a desarrollar la resistencia cardiovascular y respiratoria, lo que puede mejorar la salud del sistema circulatorio y respiratorio.<\/li>\n<li>Desarrollo emocional: El flamenco es un baile lleno de pasi\u00f3n y emoci\u00f3n. A trav\u00e9s de la expresi\u00f3n corporal y el ritmo, los ni\u00f1os pueden aprender a comunicar y liberar emociones de manera saludable. El flamenco tambi\u00e9n puede ayudar a los ni\u00f1os a desarrollar su autoestima y confianza, ya que les da la oportunidad de expresarse y crear algo hermoso a trav\u00e9s del movimiento.<\/li>\n<li>Conexi\u00f3n cultural: El flamenco es una forma de arte profundamente arraigada en la cultura espa\u00f1ola y andaluza. Aprender flamenco puede ayudar a los ni\u00f1os a conectarse con esta cultura y desarrollar un aprecio por ella. Tambi\u00e9n pueden aprender sobre la historia y la tradici\u00f3n del flamenco, lo que puede ayudarles a comprender mejor el mundo en general y las diferentes culturas que existen.<\/li>\n<\/ol>\n<p>En nuestra Academia de baile de Legan\u00e9s, estamos comprometidos con el desarrollo de nuestros estudiantes en su camino de aprendizaje en el flamenco. Esperamos darle la bienvenida a usted y a su hijo(a) a nuestra academia y ayudarles a descubrir su pasi\u00f3n por el flamenco. \u00a1Cont\u00e1ctanos hoy para obtener m\u00e1s informaci\u00f3n sobre nuestras clases de flamenco para ni\u00f1os y adolescentes!<\/p>\n<\/div>\n<\/div>\n<p>[\/vc_column_text]<\/div><div class=\"mkdf-tab-container\" id=\"tab-precios-133\">[vc_column_text css=\u00bb\u00bb]<img loading=\"lazy\" decoding=\"async\" class=\"aligncenter wp-image-9041 size-large\" src=\"https:\/\/www.sandravega.es\/wp-content\/uploads\/2025\/06\/precios-kid-2025-26-724x1024.jpg\" alt=\"\" width=\"724\" height=\"1024\" srcset=\"https:\/\/www.sandravega.es\/wp-content\/uploads\/2025\/06\/precios-kid-2025-26-724x1024.jpg 724w, https:\/\/www.sandravega.es\/wp-content\/uploads\/2025\/06\/precios-kid-2025-26-212x300.jpg 212w, https:\/\/www.sandravega.es\/wp-content\/uploads\/2025\/06\/precios-kid-2025-26-768x1086.jpg 768w, https:\/\/www.sandravega.es\/wp-content\/uploads\/2025\/06\/precios-kid-2025-26-1086x1536.jpg 1086w, https:\/\/www.sandravega.es\/wp-content\/uploads\/2025\/06\/precios-kid-2025-26.jpg 1131w\" sizes=\"auto, (max-width: 724px) 100vw, 724px\" \/>[\/vc_column_text]<\/div><div class=\"mkdf-tab-container\" id=\"tab-horarios-346\">[vc_column_text css=\u00bb\u00bb]<img loading=\"lazy\" decoding=\"async\" class=\"aligncenter size-large wp-image-9040\" src=\"https:\/\/www.sandravega.es\/wp-content\/uploads\/2025\/06\/horarios-kids-2025-26-724x1024.jpg\" alt=\"\" width=\"724\" height=\"1024\" srcset=\"https:\/\/www.sandravega.es\/wp-content\/uploads\/2025\/06\/horarios-kids-2025-26-724x1024.jpg 724w, https:\/\/www.sandravega.es\/wp-content\/uploads\/2025\/06\/horarios-kids-2025-26-212x300.jpg 212w, https:\/\/www.sandravega.es\/wp-content\/uploads\/2025\/06\/horarios-kids-2025-26-768x1086.jpg 768w, https:\/\/www.sandravega.es\/wp-content\/uploads\/2025\/06\/horarios-kids-2025-26-1086x1536.jpg 1086w, https:\/\/www.sandravega.es\/wp-content\/uploads\/2025\/06\/horarios-kids-2025-26.jpg 1131w\" sizes=\"auto, (max-width: 724px) 100vw, 724px\" \/>[\/vc_column_text]<\/div><\/div>[vc_empty_space height=\u00bb50px\u00bb]<a itemprop=\"url\" href=\"https:\/\/docs.google.com\/forms\/d\/e\/1FAIpQLScRN9AADp9zK5grpsztnSRAeU0CqlR6bDXB0_Y163Jpm8XlYQ\/viewform\" target=\"_blank\"  class=\"mkdf-btn mkdf-btn-medium mkdf-btn-solid\"  >\n    <span class=\"mkdf-btn-text\">MATRICULATE<\/span>\n\t<\/a>[\/vc_column][\/vc_row][\/vc_section]<\/p>\n<\/div>","protected":false},"excerpt":{"rendered":"<p>[vc_section][vc_row][vc_column][vc_empty_space height=\u00bb50px\u00bb][\/vc_column][\/vc_row][\/vc_section][vc_section][vc_row][vc_column][vc_empty_space height=\u00bb50px\u00bb][\/vc_column][\/vc_row][\/vc_section]<\/p>\n","protected":false},"author":1,"featured_media":0,"parent":0,"menu_order":0,"comment_status":"closed","ping_status":"closed","template":"","meta":{"footnotes":""},"class_list":["post-8787","page","type-page","status-publish","hentry"],"_links":{"self":[{"href":"https:\/\/www.sandravega.es\/index.php?rest_route=\/wp\/v2\/pages\/8787","targetHints":{"allow":["GET"]}}],"collection":[{"href":"https:\/\/www.sandravega.es\/index.php?rest_route=\/wp\/v2\/pages"}],"about":[{"href":"https:\/\/www.sandravega.es\/index.php?rest_route=\/wp\/v2\/types\/page"}],"author":[{"embeddable":true,"href":"https:\/\/www.sandravega.es\/index.php?rest_route=\/wp\/v2\/users\/1"}],"replies":[{"embeddable":true,"href":"https:\/\/www.sandravega.es\/index.php?rest_route=%2Fwp%2Fv2%2Fcomments&post=8787"}],"version-history":[{"count":7,"href":"https:\/\/www.sandravega.es\/index.php?rest_route=\/wp\/v2\/pages\/8787\/revisions"}],"predecessor-version":[{"id":9130,"href":"https:\/\/www.sandravega.es\/index.php?rest_route=\/wp\/v2\/pages\/8787\/revisions\/9130"}],"wp:attachment":[{"href":"https:\/\/www.sandravega.es\/index.php?rest_route=%2Fwp%2Fv2%2Fmedia&parent=8787"}],"curies":[{"name":"wp","href":"https:\/\/api.w.org\/{rel}","templated":true}]}}

Flamenco niños

<div class="wpb-content-wrapper"><p>[vc_section][vc_row][vc_column]<div class="mkdf-section-title-holder   mkdf-st-reverse-order" style="text-align: center">
	<div class="mkdf-st-inner">
                                    <span class="mkdf-st-text" >
                Flamenco                </span>
                                	</div>
</div>[vc_empty_space height=»50px»][/vc_column][/vc_row][/vc_section][vc_section][vc_row][vc_column]<div class="mkdf-tabs  mkdf-tabs-standard">
	<ul class="mkdf-tabs-nav clearfix">
					<li>
									<a href="#tab-informacion">Información</a>
							</li>
					<li>
									<a href="#tab-precios">Precios</a>
							</li>
					<li>
									<a href="#tab-horarios">Horarios</a>
							</li>
			</ul>
	<div class="mkdf-tab-container" id="tab-informacion-737">[vc_column_text css=»»]</p>
<div class="vc_row wpb_row vc_inner vc_row-fluid">
<div class="wpb_column vc_column_container vc_col-sm-6">
<div class="vc_column-inner">
<div class="wpb_wrapper">
<div class="wpb_video_widget wpb_content_element vc_clearfix vc_video-aspect-ratio-169 vc_video-el-width-100 vc_video-align-left">
<div class="wpb_wrapper">
<div class="wpb_video_wrapper">
<div class="fluidvids"><iframe loading="lazy" class="fluidvids-item" title="flamenco infantil" src="https://www.youtube.com/embed/OjLrB4SvS5w?feature=oembed" width="500" height="281" frameborder="0" allowfullscreen="allowfullscreen" data-fluidvids="loaded" data-mce-fragment="1"></iframe></div>
</div>
</div>
</div>
</div>
</div>
</div>
<div class="wpb_column vc_column_container vc_col-sm-6">
<div class="vc_column-inner">
<div class="wpb_wrapper">
<div class="wpb_video_widget wpb_content_element vc_clearfix vc_video-aspect-ratio-169 vc_video-el-width-100 vc_video-align-left">
<div class="wpb_wrapper">
<div class="wpb_video_wrapper">
<div class="fluidvids"><iframe loading="lazy" class="fluidvids-item" title="Flamenco juvenil" src="https://www.youtube.com/embed/ml_tKdAn8w4?feature=oembed" width="500" height="281" frameborder="0" allowfullscreen="allowfullscreen" data-fluidvids="loaded" data-mce-fragment="1"></iframe></div>
</div>
</div>
</div>
</div>
</div>
</div>
</div>
<div class="vc_empty_space"></div>
<div class="wpb_text_column wpb_content_element">
<div class="wpb_wrapper">
<p>&nbsp;</p>
<p>&nbsp;</p>
<p>Ofrecemos clases de flamenco para niños y niñas desde los 4 años hasta adolescentes. En nuestra academia, creemos que el flamenco es una forma increíble de arte que puede ser disfrutada por cualquier persona, independientemente de su edad o habilidad.</p>
<p>Nuestras clases son impartidas por profesionales experimentados en el flamenco, quienes se aseguran de que nuestros estudiantes obtengan una educación completa en este género de baile. Desde los aspectos técnicos del flamenco, como los movimientos de los pies y las manos, hasta el conocimiento de la historia y la cultura del flamenco, nuestros estudiantes adquieren habilidades valiosas mientras disfrutan de una experiencia única y emocionante.</p>
<p>Nuestros profesores también se enfocan en crear un ambiente de aprendizaje seguro y acogedor para todos nuestros estudiantes. Animamos a nuestros jóvenes estudiantes a desarrollar su creatividad y expresarse a través del baile flamenco mientras se divierten y hacen amigos nuevos.</p>
<h5><strong>BENEFICIOS DE BAILAR FLAMENCO:</strong></h5>
<ol>
<li>Desarrollo físico: El flamenco es un baile que requiere mucho movimiento y ejercicio. Bailar flamenco ayuda a los niños a mejorar su coordinación, equilibrio y fuerza muscular, lo que puede ser beneficioso para su salud física en general. Además, el flamenco también ayuda a desarrollar la resistencia cardiovascular y respiratoria, lo que puede mejorar la salud del sistema circulatorio y respiratorio.</li>
<li>Desarrollo emocional: El flamenco es un baile lleno de pasión y emoción. A través de la expresión corporal y el ritmo, los niños pueden aprender a comunicar y liberar emociones de manera saludable. El flamenco también puede ayudar a los niños a desarrollar su autoestima y confianza, ya que les da la oportunidad de expresarse y crear algo hermoso a través del movimiento.</li>
<li>Conexión cultural: El flamenco es una forma de arte profundamente arraigada en la cultura española y andaluza. Aprender flamenco puede ayudar a los niños a conectarse con esta cultura y desarrollar un aprecio por ella. También pueden aprender sobre la historia y la tradición del flamenco, lo que puede ayudarles a comprender mejor el mundo en general y las diferentes culturas que existen.</li>
</ol>
<p>En nuestra Academia de baile de Leganés, estamos comprometidos con el desarrollo de nuestros estudiantes en su camino de aprendizaje en el flamenco. Esperamos darle la bienvenida a usted y a su hijo(a) a nuestra academia y ayudarles a descubrir su pasión por el flamenco. ¡Contáctanos hoy para obtener más información sobre nuestras clases de flamenco para niños y adolescentes!</p>
</div>
</div>
<p>[/vc_column_text]</div><div class="mkdf-tab-container" id="tab-precios-133">[vc_column_text css=»»]<img loading="lazy" decoding="async" class="aligncenter wp-image-9041 size-large" src="https://www.sandravega.es/wp-content/uploads/2025/06/precios-kid-2025-26-724x1024.jpg" alt="" width="724" height="1024" srcset="https://www.sandravega.es/wp-content/uploads/2025/06/precios-kid-2025-26-724x1024.jpg 724w, https://www.sandravega.es/wp-content/uploads/2025/06/precios-kid-2025-26-212x300.jpg 212w, https://www.sandravega.es/wp-content/uploads/2025/06/precios-kid-2025-26-768x1086.jpg 768w, https://www.sandravega.es/wp-content/uploads/2025/06/precios-kid-2025-26-1086x1536.jpg 1086w, https://www.sandravega.es/wp-content/uploads/2025/06/precios-kid-2025-26.jpg 1131w" sizes="auto, (max-width: 724px) 100vw, 724px" />[/vc_column_text]</div><div class="mkdf-tab-container" id="tab-horarios-346">[vc_column_text css=»»]<img loading="lazy" decoding="async" class="aligncenter size-large wp-image-9040" src="https://www.sandravega.es/wp-content/uploads/2025/06/horarios-kids-2025-26-724x1024.jpg" alt="" width="724" height="1024" srcset="https://www.sandravega.es/wp-content/uploads/2025/06/horarios-kids-2025-26-724x1024.jpg 724w, https://www.sandravega.es/wp-content/uploads/2025/06/horarios-kids-2025-26-212x300.jpg 212w, https://www.sandravega.es/wp-content/uploads/2025/06/horarios-kids-2025-26-768x1086.jpg 768w, https://www.sandravega.es/wp-content/uploads/2025/06/horarios-kids-2025-26-1086x1536.jpg 1086w, https://www.sandravega.es/wp-content/uploads/2025/06/horarios-kids-2025-26.jpg 1131w" sizes="auto, (max-width: 724px) 100vw, 724px" />[/vc_column_text]</div></div>[vc_empty_space height=»50px»]<a itemprop="url" href="https://docs.google.com/forms/d/e/1FAIpQLScRN9AADp9zK5grpsztnSRAeU0CqlR6bDXB0_Y163Jpm8XlYQ/viewform" target="_blank"  class="mkdf-btn mkdf-btn-medium mkdf-btn-solid"  >
    <span class="mkdf-btn-text">MATRICULATE</span>
	</a>[/vc_column][/vc_row][/vc_section]</p>
</div>
