{"id":8794,"date":"2025-04-22T18:21:38","date_gmt":"2025-04-22T16:21:38","guid":{"rendered":"https:\/\/cuadratic.es\/temporal\/e_sandravega\/?page_id=8794"},"modified":"2025-06-27T15:32:33","modified_gmt":"2025-06-27T13:32:33","slug":"urbano-ninos","status":"publish","type":"page","link":"https:\/\/www.sandravega.es\/?page_id=8794","title":{"rendered":"Urbano ni\u00f1os"},"content":{"rendered":"<div class=\"wpb-content-wrapper\"><p>[vc_section][vc_row][vc_column]<div class=\"mkdf-section-title-holder   mkdf-st-reverse-order\" style=\"text-align: center\">\n\t<div class=\"mkdf-st-inner\">\n                                    <span class=\"mkdf-st-text\" >\n                Urbano                <\/span>\n                                \t<\/div>\n<\/div>[vc_empty_space height=\u00bb50px\u00bb][\/vc_column][\/vc_row][\/vc_section][vc_section][vc_row][vc_column]<div class=\"mkdf-tabs  mkdf-tabs-standard\">\n\t<ul class=\"mkdf-tabs-nav clearfix\">\n\t\t\t\t\t<li>\n\t\t\t\t\t\t\t\t\t<a href=\"#tab-informacion\">Informaci\u00f3n<\/a>\n\t\t\t\t\t\t\t<\/li>\n\t\t\t\t\t<li>\n\t\t\t\t\t\t\t\t\t<a href=\"#tab-precios\">Precios<\/a>\n\t\t\t\t\t\t\t<\/li>\n\t\t\t\t\t<li>\n\t\t\t\t\t\t\t\t\t<a href=\"#tab-horarios\">Horarios<\/a>\n\t\t\t\t\t\t\t<\/li>\n\t\t\t<\/ul>\n\t<div class=\"mkdf-tab-container\" id=\"tab-informacion-39\">[vc_column_text css=\u00bb\u00bb]<\/p>\n<div class=\"vc_row wpb_row vc_inner vc_row-fluid\">\n<div class=\"wpb_column vc_column_container vc_col-sm-6\">\n<div class=\"vc_column-inner\">\n<div class=\"wpb_wrapper\">\n<div class=\"wpb_video_widget wpb_content_element vc_clearfix vc_video-aspect-ratio-169 vc_video-el-width-100 vc_video-align-left\">\n<div class=\"wpb_wrapper\">\n<div class=\"wpb_video_wrapper\">\n<div class=\"fluidvids\"><iframe loading=\"lazy\" class=\"fluidvids-item\" title=\"Clases Urbano\" src=\"https:\/\/www.youtube.com\/embed\/p5U5i93jlsM?feature=oembed\" width=\"500\" height=\"281\" frameborder=\"0\" allowfullscreen=\"allowfullscreen\" data-fluidvids=\"loaded\" data-mce-fragment=\"1\"><\/iframe><\/div>\n<\/div>\n<\/div>\n<\/div>\n<\/div>\n<\/div>\n<\/div>\n<div class=\"wpb_column vc_column_container vc_col-sm-6\">\n<div class=\"vc_column-inner\">\n<div class=\"wpb_wrapper\">\n<div class=\"wpb_video_widget wpb_content_element vc_clearfix vc_video-aspect-ratio-169 vc_video-el-width-100 vc_video-align-left\">\n<div class=\"wpb_wrapper\">\n<div class=\"wpb_video_wrapper\">\n<div class=\"fluidvids\"><iframe loading=\"lazy\" class=\"fluidvids-item\" title=\"Clases Urbano\" src=\"https:\/\/www.youtube.com\/embed\/ztBz5Iy36PU?feature=oembed\" width=\"500\" height=\"281\" frameborder=\"0\" allowfullscreen=\"allowfullscreen\" data-fluidvids=\"loaded\" data-mce-fragment=\"1\"><\/iframe><\/div>\n<\/div>\n<\/div>\n<\/div>\n<\/div>\n<\/div>\n<\/div>\n<\/div>\n<div class=\"vc_empty_space\"><\/div>\n<div class=\"wpb_text_column wpb_content_element\">\n<div class=\"wpb_wrapper\">\n<p>&nbsp;<\/p>\n<p>&nbsp;<\/p>\n<p>Si est\u00e1s buscando una actividad divertida y llena de energ\u00eda para tus hijos, \u00a1has venido al lugar adecuado! Ofrecemos clases de baile urbano para ni\u00f1os y ni\u00f1as, \u00a1y estamos seguros de que a tus hijos les encantar\u00e1!<\/p>\n<p>El baile urbano es una forma de danza que se origin\u00f3 en las calles de las ciudades y que combina diferentes estilos de baile como hip hop, breakdance, popping, locking y muchos m\u00e1s. Es una forma de expresi\u00f3n art\u00edstica muy popular entre los j\u00f3venes y ha ganado mucha popularidad en los \u00faltimos a\u00f1os.<\/p>\n<p>En nuestra Escuela de Baile de Legan\u00e9s, ofrecemos clases de baile urbano para ni\u00f1os y ni\u00f1as a partir de los 4 a\u00f1os de edad. Nuestros profesores son expertos en la materia y tienen una amplia experiencia ense\u00f1ando a ni\u00f1os y ni\u00f1as de todas las edades y niveles de habilidad.<\/p>\n<h5><strong>BENEFICIOS DE BAILAR URBANO:<\/strong><\/h5>\n<ol>\n<li>Mejora la coordinaci\u00f3n y el equilibrio: El baile urbano es una actividad que requiere una gran coordinaci\u00f3n y equilibrio corporal. Al practicar regularmente, los ni\u00f1os pueden mejorar su capacidad para coordinar los movimientos y su equilibrio, lo que puede ayudarles en otras actividades f\u00edsicas y deportes.<\/li>\n<li>Fomenta la creatividad y la autoexpresi\u00f3n: El baile urbano es una forma de arte que permite a los ni\u00f1os expresar sus emociones y sentimientos a trav\u00e9s del movimiento. Adem\u00e1s, el baile urbano fomenta la creatividad y la libertad de expresi\u00f3n, ya que los ni\u00f1os pueden experimentar con diferentes movimientos y estilos.<\/li>\n<li>Desarrolla habilidades sociales y de trabajo en equipo: Bailar urbano es una actividad que se realiza en grupo, lo que fomenta la comunicaci\u00f3n, la cooperaci\u00f3n y el trabajo en equipo. Adem\u00e1s, el baile urbano es una forma de arte muy popular entre los j\u00f3venes, lo que puede ayudar a los ni\u00f1os a conectarse con otros ni\u00f1os con intereses similares y a desarrollar habilidades sociales importantes para su vida en general.<\/li>\n<\/ol>\n<p>Si est\u00e1s interesado en inscribir a tus hijos en nuestras clases de baile urbano para ni\u00f1os y ni\u00f1as, no dudes en ponerte en contacto con nosotros. Estamos aqu\u00ed para responder a cualquier pregunta que tengas y para ayudarte a elegir la clase adecuada para tus hijos. \u00a1Esperamos verte pronto en la Escuela de Baile de Legan\u00e9s!<\/p>\n<\/div>\n<\/div>\n<p>[\/vc_column_text]<\/div><div class=\"mkdf-tab-container\" id=\"tab-precios-440\">[vc_column_text css=\u00bb\u00bb]<img loading=\"lazy\" decoding=\"async\" class=\"aligncenter size-large wp-image-9041\" src=\"https:\/\/www.sandravega.es\/wp-content\/uploads\/2025\/06\/precios-kid-2025-26-724x1024.jpg\" alt=\"\" width=\"724\" height=\"1024\" srcset=\"https:\/\/www.sandravega.es\/wp-content\/uploads\/2025\/06\/precios-kid-2025-26-724x1024.jpg 724w, https:\/\/www.sandravega.es\/wp-content\/uploads\/2025\/06\/precios-kid-2025-26-212x300.jpg 212w, https:\/\/www.sandravega.es\/wp-content\/uploads\/2025\/06\/precios-kid-2025-26-768x1086.jpg 768w, https:\/\/www.sandravega.es\/wp-content\/uploads\/2025\/06\/precios-kid-2025-26-1086x1536.jpg 1086w, https:\/\/www.sandravega.es\/wp-content\/uploads\/2025\/06\/precios-kid-2025-26.jpg 1131w\" sizes=\"auto, (max-width: 724px) 100vw, 724px\" \/>[\/vc_column_text]<\/div><div class=\"mkdf-tab-container\" id=\"tab-horarios-798\">[vc_column_text css=\u00bb\u00bb]<img loading=\"lazy\" decoding=\"async\" class=\"aligncenter size-large wp-image-9040\" src=\"https:\/\/www.sandravega.es\/wp-content\/uploads\/2025\/06\/horarios-kids-2025-26-724x1024.jpg\" alt=\"\" width=\"724\" height=\"1024\" srcset=\"https:\/\/www.sandravega.es\/wp-content\/uploads\/2025\/06\/horarios-kids-2025-26-724x1024.jpg 724w, https:\/\/www.sandravega.es\/wp-content\/uploads\/2025\/06\/horarios-kids-2025-26-212x300.jpg 212w, https:\/\/www.sandravega.es\/wp-content\/uploads\/2025\/06\/horarios-kids-2025-26-768x1086.jpg 768w, https:\/\/www.sandravega.es\/wp-content\/uploads\/2025\/06\/horarios-kids-2025-26-1086x1536.jpg 1086w, https:\/\/www.sandravega.es\/wp-content\/uploads\/2025\/06\/horarios-kids-2025-26.jpg 1131w\" sizes=\"auto, (max-width: 724px) 100vw, 724px\" \/>[\/vc_column_text]<\/div><\/div>[vc_empty_space height=\u00bb50px\u00bb]<a itemprop=\"url\" href=\"https:\/\/docs.google.com\/forms\/d\/e\/1FAIpQLScRN9AADp9zK5grpsztnSRAeU0CqlR6bDXB0_Y163Jpm8XlYQ\/viewform\" target=\"_blank\"  class=\"mkdf-btn mkdf-btn-medium mkdf-btn-solid\"  >\n    <span class=\"mkdf-btn-text\">MATRICULATE<\/span>\n\t<\/a>[\/vc_column][\/vc_row][\/vc_section]<\/p>\n<\/div>","protected":false},"excerpt":{"rendered":"<p>[vc_section][vc_row][vc_column][vc_empty_space height=\u00bb50px\u00bb][\/vc_column][\/vc_row][\/vc_section][vc_section][vc_row][vc_column][vc_empty_space height=\u00bb50px\u00bb][\/vc_column][\/vc_row][\/vc_section]<\/p>\n","protected":false},"author":1,"featured_media":0,"parent":0,"menu_order":0,"comment_status":"closed","ping_status":"closed","template":"","meta":{"footnotes":""},"class_list":["post-8794","page","type-page","status-publish","hentry"],"_links":{"self":[{"href":"https:\/\/www.sandravega.es\/index.php?rest_route=\/wp\/v2\/pages\/8794","targetHints":{"allow":["GET"]}}],"collection":[{"href":"https:\/\/www.sandravega.es\/index.php?rest_route=\/wp\/v2\/pages"}],"about":[{"href":"https:\/\/www.sandravega.es\/index.php?rest_route=\/wp\/v2\/types\/page"}],"author":[{"embeddable":true,"href":"https:\/\/www.sandravega.es\/index.php?rest_route=\/wp\/v2\/users\/1"}],"replies":[{"embeddable":true,"href":"https:\/\/www.sandravega.es\/index.php?rest_route=%2Fwp%2Fv2%2Fcomments&post=8794"}],"version-history":[{"count":4,"href":"https:\/\/www.sandravega.es\/index.php?rest_route=\/wp\/v2\/pages\/8794\/revisions"}],"predecessor-version":[{"id":9131,"href":"https:\/\/www.sandravega.es\/index.php?rest_route=\/wp\/v2\/pages\/8794\/revisions\/9131"}],"wp:attachment":[{"href":"https:\/\/www.sandravega.es\/index.php?rest_route=%2Fwp%2Fv2%2Fmedia&parent=8794"}],"curies":[{"name":"wp","href":"https:\/\/api.w.org\/{rel}","templated":true}]}}