{"id":8801,"date":"2025-04-22T19:02:15","date_gmt":"2025-04-22T17:02:15","guid":{"rendered":"https:\/\/cuadratic.es\/temporal\/e_sandravega\/?page_id=8801"},"modified":"2025-06-27T15:34:56","modified_gmt":"2025-06-27T13:34:56","slug":"pole-dance-ninos","status":"publish","type":"page","link":"https:\/\/www.sandravega.es\/?page_id=8801","title":{"rendered":"Pole Dance ni\u00f1os"},"content":{"rendered":"<div class=\"wpb-content-wrapper\"><p>[vc_section][vc_row][vc_column]<div class=\"mkdf-section-title-holder   mkdf-st-reverse-order\" style=\"text-align: center\">\n\t<div class=\"mkdf-st-inner\">\n                                    <span class=\"mkdf-st-text\" >\n                Pole Dance                <\/span>\n                                \t<\/div>\n<\/div>[vc_empty_space height=\u00bb50px\u00bb][\/vc_column][\/vc_row][\/vc_section][vc_section][vc_row][vc_column]<div class=\"mkdf-tabs  mkdf-tabs-standard\">\n\t<ul class=\"mkdf-tabs-nav clearfix\">\n\t\t\t\t\t<li>\n\t\t\t\t\t\t\t\t\t<a href=\"#tab-informacion\">Informaci\u00f3n<\/a>\n\t\t\t\t\t\t\t<\/li>\n\t\t\t\t\t<li>\n\t\t\t\t\t\t\t\t\t<a href=\"#tab-precios\">Precios<\/a>\n\t\t\t\t\t\t\t<\/li>\n\t\t\t\t\t<li>\n\t\t\t\t\t\t\t\t\t<a href=\"#tab-horarios\">Horarios<\/a>\n\t\t\t\t\t\t\t<\/li>\n\t\t\t<\/ul>\n\t<div class=\"mkdf-tab-container\" id=\"tab-informacion-240\">[vc_column_text css=\u00bb\u00bb]<\/p>\n<div class=\"vc_row wpb_row vc_inner vc_row-fluid\">\n<div class=\"wpb_column vc_column_container vc_col-sm-6\">\n<div class=\"vc_column-inner\">\n<div class=\"wpb_wrapper\">\n<div class=\"wpb_video_widget wpb_content_element vc_clearfix vc_video-aspect-ratio-169 vc_video-el-width-100 vc_video-align-left\">\n<div class=\"wpb_wrapper\">\n<div class=\"wpb_video_wrapper\">\n<div class=\"fluidvids\"><iframe loading=\"lazy\" class=\"fluidvids-item\" title=\"Pole dance Kids\" src=\"https:\/\/www.youtube.com\/embed\/0-vd_L1myHQ?feature=oembed\" width=\"500\" height=\"281\" frameborder=\"0\" allowfullscreen=\"allowfullscreen\" data-fluidvids=\"loaded\" data-mce-fragment=\"1\"><\/iframe><\/div>\n<\/div>\n<\/div>\n<\/div>\n<\/div>\n<\/div>\n<\/div>\n<div class=\"wpb_column vc_column_container vc_col-sm-6\">\n<div class=\"vc_column-inner\">\n<div class=\"wpb_wrapper\">\n<div class=\"wpb_video_widget wpb_content_element vc_clearfix vc_video-aspect-ratio-169 vc_video-el-width-100 vc_video-align-left\">\n<div class=\"wpb_wrapper\">\n<div class=\"wpb_video_wrapper\">\n<div class=\"fluidvids\"><iframe loading=\"lazy\" class=\"fluidvids-item\" title=\"Pole Dance Kids\" src=\"https:\/\/www.youtube.com\/embed\/pPnsMCrHzPw?feature=oembed\" width=\"500\" height=\"281\" frameborder=\"0\" allowfullscreen=\"allowfullscreen\" data-fluidvids=\"loaded\" data-mce-fragment=\"1\"><\/iframe><\/div>\n<\/div>\n<\/div>\n<\/div>\n<\/div>\n<\/div>\n<\/div>\n<\/div>\n<div class=\"vc_empty_space\"><\/div>\n<div class=\"wpb_text_column wpb_content_element\">\n<div class=\"wpb_wrapper\">\n<p>&nbsp;<\/p>\n<p>&nbsp;<\/p>\n<p>Si est\u00e1s buscando una actividad divertida y saludable para tus hijos, \u00a1has venido al lugar correcto! Ofrecemos clases de pole dance para ni\u00f1os y ni\u00f1as, \u00a1y estamos seguros de que a tus hijos les encantar\u00e1!<\/p>\n<p>El pole dance es una actividad que combina la danza con el ejercicio f\u00edsico, y se ha convertido en una disciplina muy popular en los \u00faltimos a\u00f1os. Aunque mucha gente lo asocia con el baile er\u00f3tico, en realidad es una actividad muy completa que ayuda a mejorar la fuerza, la flexibilidad, el equilibrio y la coordinaci\u00f3n.<\/p>\n<p>En nuestra Academia de Baile de Legan\u00e9s, ofrecemos clases de pole dance para ni\u00f1os y ni\u00f1as a partir de los 6 a\u00f1os de edad. Nuestros profesores son expertos en la materia y tienen una amplia experiencia ense\u00f1ando a ni\u00f1os y ni\u00f1as de todas las edades y niveles de habilidad.<\/p>\n<p>Las clases de pole dance para ni\u00f1os y ni\u00f1as est\u00e1n dise\u00f1adas para ser divertidas y educativas al mismo tiempo. Nuestros profesores se aseguran de que todos los ni\u00f1os y ni\u00f1as se sientan c\u00f3modos y seguros en todo momento, y trabajan para ayudarles a desarrollar su confianza y autoestima.<\/p>\n<h5><strong>BENEFICIOS DE HACER POLE DANCE<\/strong><\/h5>\n<ol>\n<li>Mejora la fuerza y la flexibilidad: El pole dance es un deporte muy completo que requiere fuerza y flexibilidad. Los ni\u00f1os que practican pole dance pueden desarrollar su fuerza y flexibilidad de manera natural y divertida, lo que les ayudar\u00e1 en su vida diaria y en otras actividades f\u00edsicas.<\/li>\n<li>Fomenta la confianza y la autoestima: A trav\u00e9s del pole dance, los ni\u00f1os pueden desarrollar una mayor confianza y autoestima, ya que se les anima a experimentar con movimientos nuevos y a ser creativos en la pista de baile. Adem\u00e1s, el trabajo en equipo y el apoyo mutuo en las clases de pole dance puede ayudar a los ni\u00f1os a sentirse m\u00e1s seguros y c\u00f3modos en su entorno.<\/li>\n<li>Desarrolla la coordinaci\u00f3n y el equilibrio: El pole dance tambi\u00e9n puede ayudar a los ni\u00f1os a desarrollar su coordinaci\u00f3n y equilibrio, ya que se les anima a realizar movimientos precisos y complejos en la barra. Estas habilidades son importantes en cualquier actividad f\u00edsica y en la vida cotidiana.<\/li>\n<\/ol>\n<p>Si est\u00e1s interesado en inscribir a tus hijos en nuestras clases de pole dance para ni\u00f1os y ni\u00f1as, no dudes en ponerte en contacto con nosotros. Estamos aqu\u00ed para responder a cualquier pregunta que tengas y para ayudarte a elegir la clase adecuada para tus hijos. \u00a1Esperamos verte pronto!<\/p>\n<\/div>\n<\/div>\n<p>[\/vc_column_text]<\/div><div class=\"mkdf-tab-container\" id=\"tab-precios-339\">[vc_column_text css=\u00bb\u00bb]<img loading=\"lazy\" decoding=\"async\" class=\"aligncenter size-large wp-image-9041\" src=\"https:\/\/www.sandravega.es\/wp-content\/uploads\/2025\/06\/precios-kid-2025-26-724x1024.jpg\" alt=\"\" width=\"724\" height=\"1024\" srcset=\"https:\/\/www.sandravega.es\/wp-content\/uploads\/2025\/06\/precios-kid-2025-26-724x1024.jpg 724w, https:\/\/www.sandravega.es\/wp-content\/uploads\/2025\/06\/precios-kid-2025-26-212x300.jpg 212w, https:\/\/www.sandravega.es\/wp-content\/uploads\/2025\/06\/precios-kid-2025-26-768x1086.jpg 768w, https:\/\/www.sandravega.es\/wp-content\/uploads\/2025\/06\/precios-kid-2025-26-1086x1536.jpg 1086w, https:\/\/www.sandravega.es\/wp-content\/uploads\/2025\/06\/precios-kid-2025-26.jpg 1131w\" sizes=\"auto, (max-width: 724px) 100vw, 724px\" \/>[\/vc_column_text]<\/div><div class=\"mkdf-tab-container\" id=\"tab-horarios-341\">[vc_column_text css=\u00bb\u00bb]<img loading=\"lazy\" decoding=\"async\" class=\"aligncenter size-large wp-image-9040\" src=\"https:\/\/www.sandravega.es\/wp-content\/uploads\/2025\/06\/horarios-kids-2025-26-724x1024.jpg\" alt=\"\" width=\"724\" height=\"1024\" srcset=\"https:\/\/www.sandravega.es\/wp-content\/uploads\/2025\/06\/horarios-kids-2025-26-724x1024.jpg 724w, https:\/\/www.sandravega.es\/wp-content\/uploads\/2025\/06\/horarios-kids-2025-26-212x300.jpg 212w, https:\/\/www.sandravega.es\/wp-content\/uploads\/2025\/06\/horarios-kids-2025-26-768x1086.jpg 768w, https:\/\/www.sandravega.es\/wp-content\/uploads\/2025\/06\/horarios-kids-2025-26-1086x1536.jpg 1086w, https:\/\/www.sandravega.es\/wp-content\/uploads\/2025\/06\/horarios-kids-2025-26.jpg 1131w\" sizes=\"auto, (max-width: 724px) 100vw, 724px\" \/>[\/vc_column_text]<\/div><\/div>[vc_empty_space height=\u00bb50px\u00bb]<a itemprop=\"url\" href=\"https:\/\/docs.google.com\/forms\/d\/e\/1FAIpQLScRN9AADp9zK5grpsztnSRAeU0CqlR6bDXB0_Y163Jpm8XlYQ\/viewform\" target=\"_blank\"  class=\"mkdf-btn mkdf-btn-medium mkdf-btn-solid\"  >\n    <span class=\"mkdf-btn-text\">MATRICULATE<\/span>\n\t<\/a>[\/vc_column][\/vc_row][\/vc_section]<\/p>\n<\/div>","protected":false},"excerpt":{"rendered":"<p>[vc_section][vc_row][vc_column][vc_empty_space height=\u00bb50px\u00bb][\/vc_column][\/vc_row][\/vc_section][vc_section][vc_row][vc_column][vc_empty_space height=\u00bb50px\u00bb][\/vc_column][\/vc_row][\/vc_section]<\/p>\n","protected":false},"author":1,"featured_media":0,"parent":0,"menu_order":0,"comment_status":"closed","ping_status":"closed","template":"","meta":{"footnotes":""},"class_list":["post-8801","page","type-page","status-publish","hentry"],"_links":{"self":[{"href":"https:\/\/www.sandravega.es\/index.php?rest_route=\/wp\/v2\/pages\/8801","targetHints":{"allow":["GET"]}}],"collection":[{"href":"https:\/\/www.sandravega.es\/index.php?rest_route=\/wp\/v2\/pages"}],"about":[{"href":"https:\/\/www.sandravega.es\/index.php?rest_route=\/wp\/v2\/types\/page"}],"author":[{"embeddable":true,"href":"https:\/\/www.sandravega.es\/index.php?rest_route=\/wp\/v2\/users\/1"}],"replies":[{"embeddable":true,"href":"https:\/\/www.sandravega.es\/index.php?rest_route=%2Fwp%2Fv2%2Fcomments&post=8801"}],"version-history":[{"count":5,"href":"https:\/\/www.sandravega.es\/index.php?rest_route=\/wp\/v2\/pages\/8801\/revisions"}],"predecessor-version":[{"id":9134,"href":"https:\/\/www.sandravega.es\/index.php?rest_route=\/wp\/v2\/pages\/8801\/revisions\/9134"}],"wp:attachment":[{"href":"https:\/\/www.sandravega.es\/index.php?rest_route=%2Fwp%2Fv2%2Fmedia&parent=8801"}],"curies":[{"name":"wp","href":"https:\/\/api.w.org\/{rel}","templated":true}]}}